{"id":65,"date":"2019-09-12T17:36:35","date_gmt":"2019-09-12T17:36:35","guid":{"rendered":"http:\/\/127.0.0.1\/nw\/?page_id=65"},"modified":"2019-09-29T21:11:15","modified_gmt":"2019-09-29T21:11:15","slug":"natur-umwelt","status":"publish","type":"page","link":"http:\/\/grundschule-neisseweg.de\/?page_id=65","title":{"rendered":"Natur &#038; Umwelt"},"content":{"rendered":"\n<div class=\"wp-block-columns has-2-columns is-layout-flex wp-container-core-columns-is-layout-9d6595d7 wp-block-columns-is-layout-flex\">\n<div class=\"wp-block-column is-layout-flow wp-block-column-is-layout-flow\">\n<p>Das Leben in und mit der Natur ist ein in der \u00d6ffentlichkeit intensiv behandeltes Thema. H\u00e4ufig wird dies jedoch oberfl\u00e4chlich und wenig bewusst behandelt. Unsere Sch\u00fcler erleben immer weniger hautnahe Naturerfahrungen. Viel spielt sich im Haus, in der Wohnung und am Computer\/ Fernseher ab. Natur und Umwelt bewusst zu erleben und dazu beizutragen diese zu erhalten, sind die bestimmenden Ziele einer auf die Zukunft ausgerichteten Erziehung.<\/p>\n<\/div>\n\n\n\n<div class=\"wp-block-column is-layout-flow wp-block-column-is-layout-flow\">\n<figure class=\"wp-block-image\"><img loading=\"lazy\" decoding=\"async\" width=\"350\" height=\"263\" src=\"http:\/\/grundschule-neisseweg.de\/wp-content\/uploads\/2019\/09\/natur-1.jpg\" alt=\"\" class=\"wp-image-554\" srcset=\"http:\/\/grundschule-neisseweg.de\/wp-content\/uploads\/2019\/09\/natur-1.jpg 350w, http:\/\/grundschule-neisseweg.de\/wp-content\/uploads\/2019\/09\/natur-1-300x225.jpg 300w\" sizes=\"auto, (max-width: 350px) 100vw, 350px\" \/><\/figure>\n<\/div>\n<\/div>\n\n\n\n<ul class=\"wp-block-list\"><li><strong>\u201ePuschenschule\u201c<\/strong>: Um Schmutz zu vermeiden, wurde im Schuljahr  2012\/13 die Schule in eine \u201ePuschenschule\u201c umgewandelt. Jedes Kind tr\u00e4gt  im Schulgeb\u00e4ude Hausschuhe. Jeder Klasse steht an einem festgelegten  Platz ein Puschenregal zur Verf\u00fcgung. <\/li><li><strong>Hofdienst<\/strong>: Die Kinder sollen daf\u00fcr sensibilisiert werden,  unsere Umwelt bewusster wahrzunehmen, Probleme in ihrem Umfeld und  Erfahrungsbereich deutlicher zu erkennen und ihnen entgegen zu wirken;  z. B. M\u00fcllvermeidung und M\u00fcllbeseitigung. Sie erkennen, dass jeder  Einzelne Verantwortung f\u00fcr unsere Umwelt \u00fcbernehmen muss, um den  Lebensraum lange zu erhalten, damit wir uns darin wohlf\u00fchlen k\u00f6nnen. <a href=\"https:\/\/grundschule-neisseweg.de\/?page_id=286\">Weiterlesen&#8230;<\/a><\/li><\/ul>\n","protected":false},"excerpt":{"rendered":"<p>Das Leben in und mit der Natur ist ein in der \u00d6ffentlichkeit intensiv behandeltes Thema. H\u00e4ufig wird dies jedoch oberfl\u00e4chlich und wenig bewusst behandelt. Unsere Sch\u00fcler erleben immer weniger hautnahe Naturerfahrungen. Viel spielt sich im Haus, in der Wohnung und am Computer\/ Fernseher ab. Natur und Umwelt bewusst zu erleben und dazu beizutragen diese zu erhalten, sind die bestimmenden Ziele<\/p>\n","protected":false},"author":1,"featured_media":0,"parent":0,"menu_order":0,"comment_status":"closed","ping_status":"closed","template":"","meta":{"footnotes":""},"class_list":["post-65","page","type-page","status-publish","hentry"],"_links":{"self":[{"href":"http:\/\/grundschule-neisseweg.de\/index.php?rest_route=\/wp\/v2\/pages\/65","targetHints":{"allow":["GET"]}}],"collection":[{"href":"http:\/\/grundschule-neisseweg.de\/index.php?rest_route=\/wp\/v2\/pages"}],"about":[{"href":"http:\/\/grundschule-neisseweg.de\/index.php?rest_route=\/wp\/v2\/types\/page"}],"author":[{"embeddable":true,"href":"http:\/\/grundschule-neisseweg.de\/index.php?rest_route=\/wp\/v2\/users\/1"}],"replies":[{"embeddable":true,"href":"http:\/\/grundschule-neisseweg.de\/index.php?rest_route=%2Fwp%2Fv2%2Fcomments&post=65"}],"version-history":[{"count":2,"href":"http:\/\/grundschule-neisseweg.de\/index.php?rest_route=\/wp\/v2\/pages\/65\/revisions"}],"predecessor-version":[{"id":628,"href":"http:\/\/grundschule-neisseweg.de\/index.php?rest_route=\/wp\/v2\/pages\/65\/revisions\/628"}],"wp:attachment":[{"href":"http:\/\/grundschule-neisseweg.de\/index.php?rest_route=%2Fwp%2Fv2%2Fmedia&parent=65"}],"curies":[{"name":"wp","href":"https:\/\/api.w.org\/{rel}","templated":true}]}}