{"id":1046,"date":"2020-03-25T11:15:18","date_gmt":"2020-03-25T11:15:18","guid":{"rendered":"http:\/\/grundschule-neisseweg.de\/?page_id=1046"},"modified":"2022-03-31T17:55:51","modified_gmt":"2022-03-31T17:55:51","slug":"kinderseite","status":"publish","type":"page","link":"https:\/\/grundschule-neisseweg.de\/?page_id=1046","title":{"rendered":"Kinderseite"},"content":{"rendered":"\n<p><u>Kranich Projekt des 3. und 4. Jahrgangs <\/u><\/p>\n<p>Der Kranich gilt als \u201eVogel des Gl\u00fccks\u201c. Er ist ein Symbol f\u00fcr Gesundheit, ein langes Leben, Freude, Zusammenhalt und Frieden.<\/p>\n<p>In unterschiedlichen Unterrichtseinheiten besch\u00e4ftigen wir uns mit der Legende \u201eSadako und die 1000 Kraniche\u201c, recherchieren die Merkmale und Besonderheiten dieser gro\u00dfen Zugv\u00f6gel. Die Kinder stellen den Kranich k\u00fcnstlerisch dar: Sie malen, falten, singen und tanzen zum Thema Kranich-Gl\u00fcck!<\/p>\n<p>Zur Zeit h\u00f6ren und sehen die Kinder sogar die ersten Kranichformationen am Himmel, denn diese kommen gerade aus dem S\u00fcden zur\u00fcck in den Norden geflogen und reisen dabei auch \u00fcber G\u00fctersloh.<\/p>\n<p>Ein faszinierendes Spektakel!<\/p>\n\n\t\t<style type=\"text\/css\">\n\t\t\t#gallery-1 {\n\t\t\t\tmargin: auto;\n\t\t\t}\n\t\t\t#gallery-1 .gallery-item {\n\t\t\t\tfloat: left;\n\t\t\t\tmargin-top: 10px;\n\t\t\t\ttext-align: center;\n\t\t\t\twidth: 33%;\n\t\t\t}\n\t\t\t#gallery-1 img {\n\t\t\t\tborder: 2px solid #cfcfcf;\n\t\t\t}\n\t\t\t#gallery-1 .gallery-caption {\n\t\t\t\tmargin-left: 0;\n\t\t\t}\n\t\t\t\/* see gallery_shortcode() in wp-includes\/media.php *\/\n\t\t<\/style>\n\t\t<div id='gallery-1' class='gallery galleryid-1046 gallery-columns-3 gallery-size-thumbnail'><dl class='gallery-item'>\n\t\t\t<dt class='gallery-icon portrait'>\n\t\t\t\t<a href='https:\/\/grundschule-neisseweg.de\/?attachment_id=1979'><img loading=\"lazy\" decoding=\"async\" width=\"150\" height=\"150\" src=\"https:\/\/grundschule-neisseweg.de\/wp-content\/uploads\/2022\/03\/IMG-20220309-WA0015-2-150x150.jpg\" class=\"attachment-thumbnail size-thumbnail\" alt=\"\" srcset=\"https:\/\/grundschule-neisseweg.de\/wp-content\/uploads\/2022\/03\/IMG-20220309-WA0015-2-150x150.jpg 150w, https:\/\/grundschule-neisseweg.de\/wp-content\/uploads\/2022\/03\/IMG-20220309-WA0015-2-80x80.jpg 80w\" sizes=\"auto, (max-width: 150px) 100vw, 150px\" \/><\/a>\n\t\t\t<\/dt><\/dl><dl class='gallery-item'>\n\t\t\t<dt class='gallery-icon landscape'>\n\t\t\t\t<a href='https:\/\/grundschule-neisseweg.de\/?attachment_id=1966'><img loading=\"lazy\" decoding=\"async\" width=\"150\" height=\"150\" src=\"https:\/\/grundschule-neisseweg.de\/wp-content\/uploads\/2022\/03\/IMG-20220309-WA0005-150x150.jpg\" class=\"attachment-thumbnail size-thumbnail\" alt=\"\" srcset=\"https:\/\/grundschule-neisseweg.de\/wp-content\/uploads\/2022\/03\/IMG-20220309-WA0005-150x150.jpg 150w, https:\/\/grundschule-neisseweg.de\/wp-content\/uploads\/2022\/03\/IMG-20220309-WA0005-80x80.jpg 80w\" sizes=\"auto, (max-width: 150px) 100vw, 150px\" \/><\/a>\n\t\t\t<\/dt><\/dl><dl class='gallery-item'>\n\t\t\t<dt class='gallery-icon landscape'>\n\t\t\t\t<a href='https:\/\/grundschule-neisseweg.de\/?attachment_id=1977'><img loading=\"lazy\" decoding=\"async\" width=\"150\" height=\"150\" src=\"https:\/\/grundschule-neisseweg.de\/wp-content\/uploads\/2022\/03\/IMG-20220309-WA0014-150x150.jpg\" class=\"attachment-thumbnail size-thumbnail\" alt=\"\" srcset=\"https:\/\/grundschule-neisseweg.de\/wp-content\/uploads\/2022\/03\/IMG-20220309-WA0014-150x150.jpg 150w, https:\/\/grundschule-neisseweg.de\/wp-content\/uploads\/2022\/03\/IMG-20220309-WA0014-80x80.jpg 80w\" sizes=\"auto, (max-width: 150px) 100vw, 150px\" \/><\/a>\n\t\t\t<\/dt><\/dl><br style=\"clear: both\" \/><dl class='gallery-item'>\n\t\t\t<dt class='gallery-icon portrait'>\n\t\t\t\t<a href='https:\/\/grundschule-neisseweg.de\/?attachment_id=1974'><img loading=\"lazy\" decoding=\"async\" width=\"150\" height=\"150\" src=\"https:\/\/grundschule-neisseweg.de\/wp-content\/uploads\/2022\/03\/IMG-20220309-WA0013-1-150x150.jpg\" class=\"attachment-thumbnail size-thumbnail\" alt=\"\" srcset=\"https:\/\/grundschule-neisseweg.de\/wp-content\/uploads\/2022\/03\/IMG-20220309-WA0013-1-150x150.jpg 150w, https:\/\/grundschule-neisseweg.de\/wp-content\/uploads\/2022\/03\/IMG-20220309-WA0013-1-80x80.jpg 80w\" sizes=\"auto, (max-width: 150px) 100vw, 150px\" \/><\/a>\n\t\t\t<\/dt><\/dl><dl class='gallery-item'>\n\t\t\t<dt class='gallery-icon landscape'>\n\t\t\t\t<a href='https:\/\/grundschule-neisseweg.de\/?attachment_id=1973'><img loading=\"lazy\" decoding=\"async\" width=\"150\" height=\"150\" src=\"https:\/\/grundschule-neisseweg.de\/wp-content\/uploads\/2022\/03\/IMG-20220309-WA0012-150x150.jpg\" class=\"attachment-thumbnail size-thumbnail\" alt=\"\" srcset=\"https:\/\/grundschule-neisseweg.de\/wp-content\/uploads\/2022\/03\/IMG-20220309-WA0012-150x150.jpg 150w, https:\/\/grundschule-neisseweg.de\/wp-content\/uploads\/2022\/03\/IMG-20220309-WA0012-80x80.jpg 80w\" sizes=\"auto, (max-width: 150px) 100vw, 150px\" \/><\/a>\n\t\t\t<\/dt><\/dl><dl class='gallery-item'>\n\t\t\t<dt class='gallery-icon landscape'>\n\t\t\t\t<a href='https:\/\/grundschule-neisseweg.de\/?attachment_id=1971'><img loading=\"lazy\" decoding=\"async\" width=\"150\" height=\"150\" src=\"https:\/\/grundschule-neisseweg.de\/wp-content\/uploads\/2022\/03\/IMG-20220309-WA0010-150x150.jpg\" class=\"attachment-thumbnail size-thumbnail\" alt=\"\" srcset=\"https:\/\/grundschule-neisseweg.de\/wp-content\/uploads\/2022\/03\/IMG-20220309-WA0010-150x150.jpg 150w, https:\/\/grundschule-neisseweg.de\/wp-content\/uploads\/2022\/03\/IMG-20220309-WA0010-80x80.jpg 80w\" sizes=\"auto, (max-width: 150px) 100vw, 150px\" \/><\/a>\n\t\t\t<\/dt><\/dl><br style=\"clear: both\" \/><dl class='gallery-item'>\n\t\t\t<dt class='gallery-icon landscape'>\n\t\t\t\t<a href='https:\/\/grundschule-neisseweg.de\/?attachment_id=1969'><img loading=\"lazy\" decoding=\"async\" width=\"150\" height=\"150\" src=\"https:\/\/grundschule-neisseweg.de\/wp-content\/uploads\/2022\/03\/IMG-20220309-WA0008-150x150.jpg\" class=\"attachment-thumbnail size-thumbnail\" alt=\"\" srcset=\"https:\/\/grundschule-neisseweg.de\/wp-content\/uploads\/2022\/03\/IMG-20220309-WA0008-150x150.jpg 150w, https:\/\/grundschule-neisseweg.de\/wp-content\/uploads\/2022\/03\/IMG-20220309-WA0008-80x80.jpg 80w\" sizes=\"auto, (max-width: 150px) 100vw, 150px\" \/><\/a>\n\t\t\t<\/dt><\/dl><dl class='gallery-item'>\n\t\t\t<dt class='gallery-icon landscape'>\n\t\t\t\t<a href='https:\/\/grundschule-neisseweg.de\/?attachment_id=1968'><img loading=\"lazy\" decoding=\"async\" width=\"150\" height=\"150\" src=\"https:\/\/grundschule-neisseweg.de\/wp-content\/uploads\/2022\/03\/IMG-20220309-WA0007-150x150.jpg\" class=\"attachment-thumbnail size-thumbnail\" alt=\"\" srcset=\"https:\/\/grundschule-neisseweg.de\/wp-content\/uploads\/2022\/03\/IMG-20220309-WA0007-150x150.jpg 150w, https:\/\/grundschule-neisseweg.de\/wp-content\/uploads\/2022\/03\/IMG-20220309-WA0007-80x80.jpg 80w\" sizes=\"auto, (max-width: 150px) 100vw, 150px\" \/><\/a>\n\t\t\t<\/dt><\/dl><dl class='gallery-item'>\n\t\t\t<dt class='gallery-icon landscape'>\n\t\t\t\t<a href='https:\/\/grundschule-neisseweg.de\/?attachment_id=1967'><img loading=\"lazy\" decoding=\"async\" width=\"150\" height=\"150\" src=\"https:\/\/grundschule-neisseweg.de\/wp-content\/uploads\/2022\/03\/IMG-20220309-WA0006-150x150.jpg\" class=\"attachment-thumbnail size-thumbnail\" alt=\"\" srcset=\"https:\/\/grundschule-neisseweg.de\/wp-content\/uploads\/2022\/03\/IMG-20220309-WA0006-150x150.jpg 150w, https:\/\/grundschule-neisseweg.de\/wp-content\/uploads\/2022\/03\/IMG-20220309-WA0006-80x80.jpg 80w\" sizes=\"auto, (max-width: 150px) 100vw, 150px\" \/><\/a>\n\t\t\t<\/dt><\/dl><br style=\"clear: both\" \/><dl class='gallery-item'>\n\t\t\t<dt class='gallery-icon landscape'>\n\t\t\t\t<a href='https:\/\/grundschule-neisseweg.de\/?attachment_id=1965'><img loading=\"lazy\" decoding=\"async\" width=\"150\" height=\"150\" src=\"https:\/\/grundschule-neisseweg.de\/wp-content\/uploads\/2022\/03\/IMG-20220309-WA0004-150x150.jpg\" class=\"attachment-thumbnail size-thumbnail\" alt=\"\" srcset=\"https:\/\/grundschule-neisseweg.de\/wp-content\/uploads\/2022\/03\/IMG-20220309-WA0004-150x150.jpg 150w, https:\/\/grundschule-neisseweg.de\/wp-content\/uploads\/2022\/03\/IMG-20220309-WA0004-80x80.jpg 80w\" sizes=\"auto, (max-width: 150px) 100vw, 150px\" \/><\/a>\n\t\t\t<\/dt><\/dl><dl class='gallery-item'>\n\t\t\t<dt class='gallery-icon portrait'>\n\t\t\t\t<a href='https:\/\/grundschule-neisseweg.de\/?attachment_id=1963'><img loading=\"lazy\" decoding=\"async\" width=\"150\" height=\"150\" src=\"https:\/\/grundschule-neisseweg.de\/wp-content\/uploads\/2022\/03\/IMG-20220309-WA0003-2-150x150.jpg\" class=\"attachment-thumbnail size-thumbnail\" alt=\"\" srcset=\"https:\/\/grundschule-neisseweg.de\/wp-content\/uploads\/2022\/03\/IMG-20220309-WA0003-2-150x150.jpg 150w, https:\/\/grundschule-neisseweg.de\/wp-content\/uploads\/2022\/03\/IMG-20220309-WA0003-2-80x80.jpg 80w\" sizes=\"auto, (max-width: 150px) 100vw, 150px\" \/><\/a>\n\t\t\t<\/dt><\/dl><dl class='gallery-item'>\n\t\t\t<dt class='gallery-icon landscape'>\n\t\t\t\t<a href='https:\/\/grundschule-neisseweg.de\/?attachment_id=1961'><img loading=\"lazy\" decoding=\"async\" width=\"150\" height=\"150\" src=\"https:\/\/grundschule-neisseweg.de\/wp-content\/uploads\/2022\/03\/IMG-20220309-WA0002-150x150.jpg\" class=\"attachment-thumbnail size-thumbnail\" alt=\"\" srcset=\"https:\/\/grundschule-neisseweg.de\/wp-content\/uploads\/2022\/03\/IMG-20220309-WA0002-150x150.jpg 150w, https:\/\/grundschule-neisseweg.de\/wp-content\/uploads\/2022\/03\/IMG-20220309-WA0002-80x80.jpg 80w\" sizes=\"auto, (max-width: 150px) 100vw, 150px\" \/><\/a>\n\t\t\t<\/dt><\/dl><br style=\"clear: both\" \/><dl class='gallery-item'>\n\t\t\t<dt class='gallery-icon landscape'>\n\t\t\t\t<a href='https:\/\/grundschule-neisseweg.de\/?attachment_id=1960'><img loading=\"lazy\" decoding=\"async\" width=\"150\" height=\"150\" src=\"https:\/\/grundschule-neisseweg.de\/wp-content\/uploads\/2022\/03\/IMG-20220309-WA0001-150x150.jpg\" class=\"attachment-thumbnail size-thumbnail\" alt=\"\" srcset=\"https:\/\/grundschule-neisseweg.de\/wp-content\/uploads\/2022\/03\/IMG-20220309-WA0001-150x150.jpg 150w, https:\/\/grundschule-neisseweg.de\/wp-content\/uploads\/2022\/03\/IMG-20220309-WA0001-80x80.jpg 80w\" sizes=\"auto, (max-width: 150px) 100vw, 150px\" \/><\/a>\n\t\t\t<\/dt><\/dl><dl class='gallery-item'>\n\t\t\t<dt class='gallery-icon landscape'>\n\t\t\t\t<a href='https:\/\/grundschule-neisseweg.de\/?attachment_id=1970'><img loading=\"lazy\" decoding=\"async\" width=\"150\" height=\"150\" src=\"https:\/\/grundschule-neisseweg.de\/wp-content\/uploads\/2022\/03\/IMG-20220309-WA0009-150x150.jpg\" class=\"attachment-thumbnail size-thumbnail\" alt=\"\" srcset=\"https:\/\/grundschule-neisseweg.de\/wp-content\/uploads\/2022\/03\/IMG-20220309-WA0009-150x150.jpg 150w, https:\/\/grundschule-neisseweg.de\/wp-content\/uploads\/2022\/03\/IMG-20220309-WA0009-80x80.jpg 80w\" sizes=\"auto, (max-width: 150px) 100vw, 150px\" \/><\/a>\n\t\t\t<\/dt><\/dl><dl class='gallery-item'>\n\t\t\t<dt class='gallery-icon portrait'>\n\t\t\t\t<a href='https:\/\/grundschule-neisseweg.de\/?attachment_id=1972'><img loading=\"lazy\" decoding=\"async\" width=\"150\" height=\"150\" src=\"https:\/\/grundschule-neisseweg.de\/wp-content\/uploads\/2022\/03\/IMG-20220309-WA0011-150x150.jpg\" class=\"attachment-thumbnail size-thumbnail\" alt=\"\" srcset=\"https:\/\/grundschule-neisseweg.de\/wp-content\/uploads\/2022\/03\/IMG-20220309-WA0011-150x150.jpg 150w, https:\/\/grundschule-neisseweg.de\/wp-content\/uploads\/2022\/03\/IMG-20220309-WA0011-80x80.jpg 80w\" sizes=\"auto, (max-width: 150px) 100vw, 150px\" \/><\/a>\n\t\t\t<\/dt><\/dl><br style=\"clear: both\" \/>\n\t\t<\/div>\n\n\n\n\n<div><\/div>\n\n\n\n<p>Schau mal auf Videos unserer EMU-Kids:<a href=\"http:\/\/grundschule-neisseweg.de\/?page_id=1065\">EMU-Kids<\/a><\/p>\n\n\n\n<p>Schau auch mal auf die <a href=\"http:\/\/grundschule-neisseweg.de\/?page_id=1021\">Tipps gegen Langeweile. <\/a>So gehen wir davon aus, dass du und deine Familie gut und gesund diese besondere Zeit bew\u00e4ltigt.<\/p>\n\n\n\n<p>Viele Gr\u00fc\u00dfe und bleibt gesund!<\/p>\n","protected":false},"excerpt":{"rendered":"<p>Kranich Projekt des 3. und 4. Jahrgangs Der Kranich gilt als \u201eVogel des Gl\u00fccks\u201c. Er ist ein Symbol f\u00fcr Gesundheit, ein langes Leben, Freude, Zusammenhalt und Frieden. In unterschiedlichen Unterrichtseinheiten besch\u00e4ftigen wir uns mit der Legende \u201eSadako und die 1000 Kraniche\u201c, recherchieren die Merkmale und Besonderheiten dieser gro\u00dfen Zugv\u00f6gel. Die Kinder stellen den Kranich k\u00fcnstlerisch dar: Sie malen, falten, singen<\/p>\n","protected":false},"author":3,"featured_media":0,"parent":0,"menu_order":0,"comment_status":"closed","ping_status":"closed","template":"","meta":{"footnotes":""},"class_list":["post-1046","page","type-page","status-publish","hentry"],"_links":{"self":[{"href":"https:\/\/grundschule-neisseweg.de\/index.php?rest_route=\/wp\/v2\/pages\/1046","targetHints":{"allow":["GET"]}}],"collection":[{"href":"https:\/\/grundschule-neisseweg.de\/index.php?rest_route=\/wp\/v2\/pages"}],"about":[{"href":"https:\/\/grundschule-neisseweg.de\/index.php?rest_route=\/wp\/v2\/types\/page"}],"author":[{"embeddable":true,"href":"https:\/\/grundschule-neisseweg.de\/index.php?rest_route=\/wp\/v2\/users\/3"}],"replies":[{"embeddable":true,"href":"https:\/\/grundschule-neisseweg.de\/index.php?rest_route=%2Fwp%2Fv2%2Fcomments&post=1046"}],"version-history":[{"count":20,"href":"https:\/\/grundschule-neisseweg.de\/index.php?rest_route=\/wp\/v2\/pages\/1046\/revisions"}],"predecessor-version":[{"id":2027,"href":"https:\/\/grundschule-neisseweg.de\/index.php?rest_route=\/wp\/v2\/pages\/1046\/revisions\/2027"}],"wp:attachment":[{"href":"https:\/\/grundschule-neisseweg.de\/index.php?rest_route=%2Fwp%2Fv2%2Fmedia&parent=1046"}],"curies":[{"name":"wp","href":"https:\/\/api.w.org\/{rel}","templated":true}]}}