{"id":164,"date":"2019-09-27T07:13:56","date_gmt":"2019-09-27T07:13:56","guid":{"rendered":"http:\/\/127.0.0.1\/nw\/?page_id=164"},"modified":"2025-04-02T10:09:43","modified_gmt":"2025-04-02T10:09:43","slug":"lage","status":"publish","type":"page","link":"https:\/\/grundschule-neisseweg.de\/?page_id=164","title":{"rendered":"Lage"},"content":{"rendered":"\n<p>Unsere Grundschule liegt im Norden der Stadt G\u00fctersloh in der N\u00e4he des Leichtathletikzentrums Nord (LAZ), zwischen der B 61 und der Kahlertstra\u00dfe. Ganz in der N\u00e4he liegt die 3. Gesamtschule.<\/p>\n\n\n<div class=\"vsg-map\"><iframe loading=\"lazy\" align=\"left\" width=\"100%\" height=\"380\" frameborder=\"0\" scrolling=\"no\" marginheight=\"0\" marginwidth=\"0\" src=\"https:\/\/maps.google.com\/maps?&q=Neisseweg%203%20g%C3%BCtersloh&amp;cid=&amp;t=m&amp;center=Neisseweg%203%20g%C3%BCtersloh&output=embed&z=14&iwloc=A&visual_refresh=true\"><\/iframe><\/div>\n","protected":false},"excerpt":{"rendered":"<p>Unsere Grundschule liegt im Norden der Stadt G\u00fctersloh in der N\u00e4he des Leichtathletikzentrums Nord (LAZ), zwischen der B 61 und der Kahlertstra\u00dfe. Ganz in der N\u00e4he liegt die 3. Gesamtschule.<\/p>\n","protected":false},"author":1,"featured_media":0,"parent":0,"menu_order":0,"comment_status":"closed","ping_status":"closed","template":"","meta":{"footnotes":""},"class_list":["post-164","page","type-page","status-publish","hentry"],"_links":{"self":[{"href":"https:\/\/grundschule-neisseweg.de\/index.php?rest_route=\/wp\/v2\/pages\/164","targetHints":{"allow":["GET"]}}],"collection":[{"href":"https:\/\/grundschule-neisseweg.de\/index.php?rest_route=\/wp\/v2\/pages"}],"about":[{"href":"https:\/\/grundschule-neisseweg.de\/index.php?rest_route=\/wp\/v2\/types\/page"}],"author":[{"embeddable":true,"href":"https:\/\/grundschule-neisseweg.de\/index.php?rest_route=\/wp\/v2\/users\/1"}],"replies":[{"embeddable":true,"href":"https:\/\/grundschule-neisseweg.de\/index.php?rest_route=%2Fwp%2Fv2%2Fcomments&post=164"}],"version-history":[{"count":2,"href":"https:\/\/grundschule-neisseweg.de\/index.php?rest_route=\/wp\/v2\/pages\/164\/revisions"}],"predecessor-version":[{"id":4365,"href":"https:\/\/grundschule-neisseweg.de\/index.php?rest_route=\/wp\/v2\/pages\/164\/revisions\/4365"}],"wp:attachment":[{"href":"https:\/\/grundschule-neisseweg.de\/index.php?rest_route=%2Fwp%2Fv2%2Fmedia&parent=164"}],"curies":[{"name":"wp","href":"https:\/\/api.w.org\/{rel}","templated":true}]}}