{"id":286,"date":"2019-09-27T13:01:48","date_gmt":"2019-09-27T13:01:48","guid":{"rendered":"http:\/\/127.0.0.1\/nw\/?page_id=286"},"modified":"2019-09-29T21:11:35","modified_gmt":"2019-09-29T21:11:35","slug":"hofdienst","status":"publish","type":"page","link":"https:\/\/grundschule-neisseweg.de\/?page_id=286","title":{"rendered":"Hofdienst"},"content":{"rendered":"\n<div class=\"wp-block-columns has-2-columns is-layout-flex wp-container-core-columns-is-layout-9d6595d7 wp-block-columns-is-layout-flex\">\n<div class=\"wp-block-column is-layout-flow wp-block-column-is-layout-flow\">\n<p> Die Arbeitsgruppe hat sich den Bereich Schulhof und Schulgeb\u00e4ude   ausgew\u00e4hlt, da vermehrtes M\u00fcllaufkommen aufgefallen ist. Das Problem   versch\u00e4rft sich besonders, weil die Schule jetzt keinen station\u00e4ren   Hausmeister mehr haben. Aufgefallen ist die starke Verschmutzung des   Schulhofs, der Flure und der Treppenh\u00e4user. Daher wurde der bereits   bestehende Hofdienst, der jeweils w\u00f6chentlich von einer Klasse   ausgef\u00fchrt wurde, aber sich nur auf das Au\u00dfengel\u00e4nde beschr\u00e4nkte, neu   organisiert. Diese Notwendigkeit bestand, weil der Hofdienst nur   sporadisch ausgef\u00fchrt wurde und ein st\u00e4rkere Verschmutzung innen und   au\u00dfen zu beobachten war.<\/p>\n\n\n\n<h3 class=\"wp-block-heading\">\u00c4nderungen des Hofdienstes  <\/h3>\n\n\n\n<p> Die bereits vorhandenen Eimer und Zangen zur Ausf\u00fchrung des Dienstes   wurden aufgestockt. Dies war notwendig, um die oben genannten Bereiche   gr\u00fcndlicher reinigen zu k\u00f6nnen. Au\u00dferdem wurde ein gut erkennbares   Hofdienstschild angefertigt, um die zust\u00e4ndigen Kinder t\u00e4glich daran zu   erinnern, ihre \u00fcbernommene Aufgabe zuverl\u00e4ssiger zu erledigen. Das   Schild h\u00e4ngt am Eingang der jeweiligen Klasse. Zus\u00e4tzlich h\u00e4ngt im   Eingangsbereich der Schule \u00fcber den Spielewagen ein kalendarischer   \u00dcbersichtsplan, wo noch einmal durch einen Pfeil transparent gemacht   wird, welche Klasse in dieser Woche zust\u00e4ndig ist. So k\u00f6nnen die Kinder   sich gegenseitig erinnern.  <\/p>\n<\/div>\n\n\n\n<div class=\"wp-block-column is-layout-flow wp-block-column-is-layout-flow\">\n<figure class=\"wp-block-image\"><img loading=\"lazy\" decoding=\"async\" width=\"350\" height=\"467\" src=\"http:\/\/grundschule-neisseweg.de\/wp-content\/uploads\/2019\/09\/tease_hofdienst-1.jpg\" alt=\"\" class=\"wp-image-552\" srcset=\"https:\/\/grundschule-neisseweg.de\/wp-content\/uploads\/2019\/09\/tease_hofdienst-1.jpg 350w, https:\/\/grundschule-neisseweg.de\/wp-content\/uploads\/2019\/09\/tease_hofdienst-1-225x300.jpg 225w\" sizes=\"auto, (max-width: 350px) 100vw, 350px\" \/><\/figure>\n<\/div>\n<\/div>\n","protected":false},"excerpt":{"rendered":"<p>Die Arbeitsgruppe hat sich den Bereich Schulhof und Schulgeb\u00e4ude ausgew\u00e4hlt, da vermehrtes M\u00fcllaufkommen aufgefallen ist. Das Problem versch\u00e4rft sich besonders, weil die Schule jetzt keinen station\u00e4ren Hausmeister mehr haben. Aufgefallen ist die starke Verschmutzung des Schulhofs, der Flure und der Treppenh\u00e4user. Daher wurde der bereits bestehende Hofdienst, der jeweils w\u00f6chentlich von einer Klasse ausgef\u00fchrt wurde, aber sich nur auf das<\/p>\n","protected":false},"author":1,"featured_media":0,"parent":0,"menu_order":0,"comment_status":"closed","ping_status":"closed","template":"","meta":{"footnotes":""},"class_list":["post-286","page","type-page","status-publish","hentry"],"_links":{"self":[{"href":"https:\/\/grundschule-neisseweg.de\/index.php?rest_route=\/wp\/v2\/pages\/286","targetHints":{"allow":["GET"]}}],"collection":[{"href":"https:\/\/grundschule-neisseweg.de\/index.php?rest_route=\/wp\/v2\/pages"}],"about":[{"href":"https:\/\/grundschule-neisseweg.de\/index.php?rest_route=\/wp\/v2\/types\/page"}],"author":[{"embeddable":true,"href":"https:\/\/grundschule-neisseweg.de\/index.php?rest_route=\/wp\/v2\/users\/1"}],"replies":[{"embeddable":true,"href":"https:\/\/grundschule-neisseweg.de\/index.php?rest_route=%2Fwp%2Fv2%2Fcomments&post=286"}],"version-history":[{"count":1,"href":"https:\/\/grundschule-neisseweg.de\/index.php?rest_route=\/wp\/v2\/pages\/286\/revisions"}],"predecessor-version":[{"id":629,"href":"https:\/\/grundschule-neisseweg.de\/index.php?rest_route=\/wp\/v2\/pages\/286\/revisions\/629"}],"wp:attachment":[{"href":"https:\/\/grundschule-neisseweg.de\/index.php?rest_route=%2Fwp%2Fv2%2Fmedia&parent=286"}],"curies":[{"name":"wp","href":"https:\/\/api.w.org\/{rel}","templated":true}]}}