{"id":3431,"date":"2024-01-09T13:17:05","date_gmt":"2024-01-09T13:17:05","guid":{"rendered":"http:\/\/grundschule-neisseweg.de\/?page_id=3431"},"modified":"2026-02-04T16:35:47","modified_gmt":"2026-02-04T16:35:47","slug":"neubau","status":"publish","type":"page","link":"https:\/\/grundschule-neisseweg.de\/?page_id=3431","title":{"rendered":"Neubau"},"content":{"rendered":"\n<h3>Er\u00f6ffnung des Neubaus<\/h3>\n<p>Am 3.02.2026 wurde unser Neubau durch die Bildungshaussprecher*innen er\u00f6ffnet.<\/p>\n<div><\/div>\n<p>\u00a0<\/p>\n\n\n\n<p>Auf dieser Seite finden Sie alle Informationen zum Thema Neubau.<\/p>\n\n\n\n<h3>unser Neubau im Februar<\/h3>\n<p>In den letzten Wochen ist wieder viel passiert. Vor allem bei der Au\u00dfenfassade konnten jede Woche Ver\u00e4nderungen beobachtet werden. An den Au\u00dfenmauern wurden viele Holzbalken angebracht. Danach konnten wir beobachten, dass erst schwarze Folie zwischen den Holzbalken und dann braune Platten befestigt wurden. Die Mauern k\u00f6nnen wir jetzt nicht mehr sehen.<\/p>\n<div><\/div>\n\n\n\n<h3>Unser Neubau im November<\/h3>\n<p>Im November konnten wir im alten Geb\u00e4ude Ver\u00e4nderungen erkennen. Hier wurden die ersten Fenster ausgetauscht. Im Neubau konnten wir beobachten wie schwarze, fl\u00fcssige Dichtmasse erhitzt und auf den Fu\u00dfboden geschmiert wurde, damit da bald die W\u00e4rme gespeichert werden kann.<\/p>\n<div><\/div>\n<div>&nbsp;<\/div>\n\n\n\n<h3>Unser Neubau im Oktober<\/h3>\n<p>Auch im Oktober wurde flei\u00dfig weitergebaut. Nun steht auch die obere Etage und die Bauarbeiter sind dabei das Dach zu bauen. Dazu werden erst Balken gelegt, die das Dach halten sollen. In der unteren Etage stehen kaum noch St\u00fctzen. Die stehen daf\u00fcr jetzt in der oberen Etage. Wir haben auch schon eine Treppe entdeckt.<\/p>\n<div><\/div>\n<p>&nbsp;<\/p>\n\n\n\n<h3>Unser Neubau Ende September<\/h3>\n<p>Unsere Viertkl\u00e4ssler beobachten den Baufortschritt ganz genau und berichten hier \u00fcber den aktuellen Stand. Vielen Dank an Jahrgang 4!<\/p>\n<p><em>Im September konnten wir beobachten, wie die Bauarbeiter die untere Etage weiter gebaut haben. Wir k\u00f6nnen jetzt sehen, wo irgendwann Fenster sind. Es wurden auch schon W\u00e4nde in die untere Etage gebaut. Dadurch k\u00f6nnen wir schon erkennen, wo bald einzelne R\u00e4ume oder Zonen sind. Ende September wurde auch schon mit der oberen Etage begonnen. Es wurden erst \u00fcberall Eisengitter verlegt, St\u00fctzen aufgestellt und dann wurde eine Decke aus Beton auf die untere Etage gebaut. Die Decke wird noch von vielen St\u00fctzen gehalten.<\/em><\/p>\n<div><\/div>\n<div>&nbsp;<\/div>\n\n\n\n<h3>Unser Neubau im September<\/h3>\n<p>In den letzten Wochen ist auf unserer Baustelle viel passiert.<\/p>\n<p><img loading=\"lazy\" decoding=\"async\" class=\"alignnone size-medium wp-image-3871\" src=\"http:\/\/grundschule-neisseweg.de\/wp-content\/uploads\/2024\/10\/IMG_1547-300x225.jpeg\" alt=\"\" width=\"300\" height=\"225\" srcset=\"https:\/\/grundschule-neisseweg.de\/wp-content\/uploads\/2024\/10\/IMG_1547-300x225.jpeg 300w, https:\/\/grundschule-neisseweg.de\/wp-content\/uploads\/2024\/10\/IMG_1547.jpeg 640w\" sizes=\"auto, (max-width: 300px) 100vw, 300px\" \/> <img loading=\"lazy\" decoding=\"async\" class=\"alignnone size-medium wp-image-3872\" src=\"http:\/\/grundschule-neisseweg.de\/wp-content\/uploads\/2024\/10\/IMG_1599-300x225.jpeg\" alt=\"\" width=\"300\" height=\"225\" srcset=\"https:\/\/grundschule-neisseweg.de\/wp-content\/uploads\/2024\/10\/IMG_1599-300x225.jpeg 300w, https:\/\/grundschule-neisseweg.de\/wp-content\/uploads\/2024\/10\/IMG_1599.jpeg 640w\" sizes=\"auto, (max-width: 300px) 100vw, 300px\" \/><\/p>\n\n\n\n<h3>Unsere Baustelle vor den Sommerferien<\/h3>\n<p><img loading=\"lazy\" decoding=\"async\" class=\"alignnone size-medium wp-image-3869\" src=\"http:\/\/grundschule-neisseweg.de\/wp-content\/uploads\/2024\/10\/IMG_1342-300x225.jpeg\" alt=\"\" width=\"300\" height=\"225\" srcset=\"https:\/\/grundschule-neisseweg.de\/wp-content\/uploads\/2024\/10\/IMG_1342-300x225.jpeg 300w, https:\/\/grundschule-neisseweg.de\/wp-content\/uploads\/2024\/10\/IMG_1342.jpeg 640w\" sizes=\"auto, (max-width: 300px) 100vw, 300px\" \/> <img loading=\"lazy\" decoding=\"async\" class=\"alignnone size-medium wp-image-3870\" src=\"http:\/\/grundschule-neisseweg.de\/wp-content\/uploads\/2024\/10\/IMG_1492-2-300x225.jpeg\" alt=\"\" width=\"300\" height=\"225\" srcset=\"https:\/\/grundschule-neisseweg.de\/wp-content\/uploads\/2024\/10\/IMG_1492-2-300x225.jpeg 300w, https:\/\/grundschule-neisseweg.de\/wp-content\/uploads\/2024\/10\/IMG_1492-2.jpeg 640w\" sizes=\"auto, (max-width: 300px) 100vw, 300px\" \/>&nbsp;<\/p>\n\n\n\n<h3>Abriss (Stand: 02.05.2024)<\/h3>\n<p>Der Abriss hat begonnen. Hier gibt es erste Bilder:<\/p>\n<div><\/div>\n<p>&nbsp;<\/p>\n\n\n\n<ul>\n<li>Dies ist die <a href=\"http:\/\/grundschule-neisseweg.de\/wp-content\/uploads\/2024\/01\/Projektvorstellung-Neubau-November-2023.pdf\">Projektvorstellung<\/a> vom November 2023.<\/li>\n<li><a href=\"http:\/\/grundschule-neisseweg.de\/wp-content\/uploads\/2024\/04\/informationsschreiben-an-und-umbau-grundschule-neisseweg.pdf\">Informationen<\/a> zum Neubau, M\u00e4rz 2024.<\/li>\n<\/ul>\n<p>\u00a0<\/p>\n","protected":false},"excerpt":{"rendered":"<p>Er\u00f6ffnung des Neubaus Am 3.02.2026 wurde unser Neubau durch die Bildungshaussprecher*innen er\u00f6ffnet. \u00a0 Auf dieser Seite finden Sie alle Informationen zum Thema Neubau. unser Neubau im Februar In den letzten Wochen ist wieder viel passiert. Vor allem bei der Au\u00dfenfassade konnten jede Woche Ver\u00e4nderungen beobachtet werden. An den Au\u00dfenmauern wurden viele Holzbalken angebracht. Danach konnten wir beobachten, dass erst schwarze<\/p>\n","protected":false},"author":2,"featured_media":0,"parent":0,"menu_order":0,"comment_status":"closed","ping_status":"closed","template":"","meta":{"footnotes":""},"class_list":["post-3431","page","type-page","status-publish","hentry"],"_links":{"self":[{"href":"https:\/\/grundschule-neisseweg.de\/index.php?rest_route=\/wp\/v2\/pages\/3431","targetHints":{"allow":["GET"]}}],"collection":[{"href":"https:\/\/grundschule-neisseweg.de\/index.php?rest_route=\/wp\/v2\/pages"}],"about":[{"href":"https:\/\/grundschule-neisseweg.de\/index.php?rest_route=\/wp\/v2\/types\/page"}],"author":[{"embeddable":true,"href":"https:\/\/grundschule-neisseweg.de\/index.php?rest_route=\/wp\/v2\/users\/2"}],"replies":[{"embeddable":true,"href":"https:\/\/grundschule-neisseweg.de\/index.php?rest_route=%2Fwp%2Fv2%2Fcomments&post=3431"}],"version-history":[{"count":16,"href":"https:\/\/grundschule-neisseweg.de\/index.php?rest_route=\/wp\/v2\/pages\/3431\/revisions"}],"predecessor-version":[{"id":4843,"href":"https:\/\/grundschule-neisseweg.de\/index.php?rest_route=\/wp\/v2\/pages\/3431\/revisions\/4843"}],"wp:attachment":[{"href":"https:\/\/grundschule-neisseweg.de\/index.php?rest_route=%2Fwp%2Fv2%2Fmedia&parent=3431"}],"curies":[{"name":"wp","href":"https:\/\/api.w.org\/{rel}","templated":true}]}}